rime factors of h.
5
Let p be (-18)/99 - (-10190)/22. Suppose -p - 1513 = -8*c. List the prime factors of c.
13, 19
Suppose 8*l = 2177 + 431. What are the prime factors of l/8 - (-4)/(16 + 0)?
41
List the prime factors of (5787/(-15))/(((-36)/(-60))/(-3)).
3, 643
Let z be 3 - (2 - 24/(-4)). List the prime factors of 22/(z/(6*-5)).
2, 3, 11
Let b = 47 + -34. Let i be 1866/39 + 2/b. Suppose 3*s - i = 45. List the prime factors of s.
31
Suppose 3*t - 4*g + 233 = 0, 5*t - 3*g - g + 383 = 0. Let z = t - -146. List the prime factors of z.
71
Let y(k) = -k**3 - 15*k**2 - 44*k - 58. List the prime factors of y(-18).
2, 853
Suppose 5*k + 8*i + 415 = 3*i, 5*k + 415 = 2*i. Let h = k + 156. What are the prime factors of h?
73
Let c(r) = -r**3 + r**2 + 7*r - 6. Let i be c(4). Let n be (-17 - 0/(-5))*1. Let l = n - i. List the prime factors of l.
3
Let g(b) = b - 10. Let k be g(14). What are the prime factors of 1052/20 - k/(-10)?
53
Let b(o) = -o**3 - 9*o**2 + 10*o + 4. Let g be b(-10). Suppose g*t - 1232 = -7*t. List the prime factors of t.
2, 7
Let n(h) = 19*h**2 + 2. Let w be n(4). Suppose 0*v + 306 = 3*q - v, -4*v - w = -3*q. List the prime factors of q.
2, 3, 17
Suppose 3*v = 341 + 241. What are the prime factors of v?
2, 97
Suppose -27005 = -0*z - 55*z. List the prime factors of z.
491
Suppose 4*x = -3*u + 2437, -2*x - 16*u + 12*u + 1226 = 0. List the prime factors of x.
607
Let c(b) = 15 + 5*b**2 + 13*b**2 - 2*b**3 + 12*b - 3*b**2 + 3*b**3. What are the prime factors of c(-14)?
43
Let z be ((-4)/(60/305))/(2/(-72)). Suppose 10*s = -2*s + z. List the prime factors of s.
61
Suppose 5*q = d + 23, 4*q + 3*d = q + 21. Let g = 46 + q. What are the prime factors of g?
3, 17
Let c = -29 - -37. Let m be 18/c - (-6)/8. Suppose j - 2*o + 7*o = 35, -4*j + 71 = -m*o. List the prime factors of j.
2, 5
Let k(p) = 2*p**3 + 20*p**2 + 4*p + 24. List the prime factors of k(-8).
2, 31
Suppose 4*v - 7402 = 3*g, -2*v - 24*g = -21*g - 3692. List the prime factors of v.
43
Suppose 2*z = -3*z + 600. Suppose 2*n - z = -34. What are the prime factors of n?
43
Let n be ((-6)/(-4))/(6/680). Suppose 9*g + n = 4*g. Let v = -21 - g. What are the prime factors of v?
13
Let q = 18 + -13. Suppose p + 2*t - 546 = q*p, -3*p + 5*t - 392 = 0. Let k = 201 + p. What are the prime factors of k?
2, 31
Suppose -3*v + 503 = -2209. What are the prime factors of v?
2, 113
Suppose 0 = 5*b + j - 3 - 2, -17 = -b + 3*j. Suppose 2*r = o - 214, -b*o + 6*o = r + 870. What are the prime factors of o?
2, 109
Let a(r) = r + 23. Let w be a(-6). Let d(v) = -v**3 - v**2 + 5*v - 1. Let t be d(-4). Suppose 2*m = t + w. What are the prime factors of m?
2, 11
Let p(h) = -h**2 + 3*h - 8. Let b be p(8). Let s = b - -104. What are the prime factors of s?
2, 7
Let r(p) = p**3 + 5*p + 941. What are the prime factors of r(0)?
941
Let l(m) = -3*m**2 - 1. Let o be l(1). Let r(n) = -5*n**2 - n + 4. Let b(q) = 14*q**2 + 4*q - 11. Let j(v) = -4*b(v) - 11*r(v). List the prime factors of j(o).
2
Let o(g) = -4*g**3 + 2*g + 1. Let l be o(-1). Suppose 5*k + 11 = -3*q, l*q - 1 = k - 3*k. List the prime factors of q.
3
Let w(h) = -6*h + 26. Let r be w(-9). Suppose 2*f - 2*n = r, -4*f + 184 = f - n. What are the prime factors of f?
2, 3
Let h(l) = -l**3 + 9*l**2 + 24*l - 9. Let w be h(11). Let y(r) = -r**2 + 20*r - 22. List the prime factors of y(w).
3, 23
Let j be (8/6 - 2) + (-37233)/(-81). Let i = j + -253. List the prime factors of i.
2, 103
Suppose 0 = -c + 4*r + 586, -245 = -3*c + 2*r + 1543. What are the prime factors of c?
2, 13, 23
Suppose 0 = -17*o + 10*o + 3997. What are the prime factors of o?
571
Suppose 32*k = 31*k + 22. Let q = -13 + k. List the prime factors of q.
3
Suppose 0 = -7*c + 16030 + 2331. List the prime factors of c.
43, 61
Suppose 8*u - 418 - 3718 = 0. What are the prime factors of u?
11, 47
Suppose -84*y + 87*y - j - 7203 = 0, 0 = 4*j. What are the prime factors of y?
7
Suppose -4*g + 2*g = -20. Suppose -i = -5*w + 10, -5*w + g = i - 0*w. Suppose i = -4*u + 3*u + 3*q + 9, 5*u = 3*q + 57. What are the prime factors of u?
2, 3
Let q = 201 - -268. What are the prime factors of q?
7, 67
Let n = 86 + -59. Suppose -3*c + 39 = 4*b + 2*c, -3*c = 3*b - n. List the prime factors of 0 + 6 + b/(-2).
3
Let v(i) = -i**3 - 4*i**2 - 7*i - 4. Let o(s) = s**2 + 3*s - 5. Let n be o(-5). Suppose n*m = -3*t - 3 - 2, -t = 2*m + 3. What are the prime factors of v(m)?
2, 3
Let j be ((-3)/(-9))/(3/18). Suppose -c = -3*n - 19, -j*c + c - 5 = 5*n. Suppose 0 = 4*y + 4*z - 64, 5*z = 4*y - c - 27. What are the prime factors of y?
13
Let a = 1644 - 843. List the prime factors of a.
3, 89
Let i(v) = -12*v - 1. Let x be i(-2). Let z = 18 - 38. Let m = z + x. What are the prime factors of m?
3
Let y = 1804 - 965. List the prime factors of y.
839
Suppose 2*t + 3*n + 16 = -0*t, -4*n + 40 = -5*t. What are the prime factors of t/12 + 47/3?
3, 5
Suppose -4 = -u - 10. Let l be (-69)/u + (-4)/8. Let a = 2 + l. List the prime factors of a.
13
List the prime factors of (-8 - 854)/(9/(-27)).
2, 3, 431
Suppose -5 = -2*g + 85. Let m = -29 + g. What are the prime factors of m?
2
Suppose -44 = 3*s + r + 2, -5*r + 26 = -s. Let x be -4 - 4/(s/(-188)). Let o = x + 74. List the prime factors of o.
23
Suppose 0*u + h + 219 = 3*u, -5*u = -5*h - 375. What are the prime factors of u?
2, 3
Suppose -4*n + 3570 = h, 7*n - 5*n - 4*h = 1794. What are the prime factors of n?
19, 47
Let j = 702 + -404. What are the prime factors of j?
2, 149
Suppose -5*j - 80 = -2*h, 26 - 162 = -4*h + 4*j. What are the prime factors of h?
2, 3, 5
Suppose -3*f - 1 = 2, -4961 = -3*q - 4*f. What are the prime factors of q?
5, 331
Suppose 0 = 4*c + 4, 3*r + 16 = 8*r - c. Let h(u) = u**3 - 4*u**2 - 4*u - 3. Let s be h(5). Suppose -9 = s*l - r*l. List the prime factors of l.
3
Suppose 4*g + 10856 = -0*v + 4*v, -3*g + 8166 = 3*v. What are the prime factors of (-27)/(-108) - v/(-8)?
2, 5, 17
Let a = -146 + 149. Suppose -a - 1 = -2*d, 3*c + d = 998. List the prime factors of c.
2, 83
Suppose 5*m + o = 85, -m + 0 - 9 = -5*o. Let z be (696/(-32))/((-6)/m). What are the prime factors of z*-2*3/(-6)?
2, 29
Suppose k = -3*x + 4, -4*k + 8 = -5*x - 8. Suppose 0*u + 304 = k*u. What are the prime factors of u?
2, 19
Let s = 3 + 457. What are the prime factors of s?
2, 5, 23
Let q = -366 + 942. List the prime factors of q.
2, 3
Let i(p) = -7*p**2 - 2*p + 7. Let o(r) = -14*r**2 - 4*r + 14. Let f(j) = 7*i(j) - 4*o(j). List the prime factors of f(4).
113
Suppose -2*d + 6 = 0, 2*j = -4*d - 0 + 8. What are the prime factors of (380/(-80))/(j/16)?
2, 19
Suppose 0 = -7*a + 6*a + 1000. Let t = a + -708. What are the prime factors of t?
2, 73
Let p(z) = -z**3 - 6*z**2 + 14*z - 6. Let q be p(-8). Let m = q + 22. What are the prime factors of m?
2
Let r(n) = 79*n**2 - 2. Let l be r(-2). Suppose -5*g + 992 = 3*a, -g - 4*a + l - 102 = 0. List the prime factors of g.
2, 7
Let m = -10 + 21. Suppose 0 = w - 3*y + m, -2*w = 2*y - 4 - 6. List the prime factors of 4/w*(-58)/(-4).
2, 29
Suppose -20*f + 9856 = -12*f. What are the prime factors of f?
2, 7, 11
Let m be 5*4/20*5. Suppose 4*s + 3*a = 59, 3*a + m = s - 6. What are the prime factors of s?
2, 7
Let a = -46 - -15. Let t = a - -71. List the prime factors of t.
2, 5
Let o(q) = -21*q + 6. Let l(p) = p - 20. Let a be l(16). What are the prime factors of o(a)?
2, 3, 5
Let p = 0 + 4. Let n be 3/((-3)/p) - -1. What are the prime factors of 2 + (n - -1 - -25)?
5
Suppose -40 = -5*m + 3*o - 7, -4*o + 52 = 4*m. Let l be ((m - -3)*1)/2. List the prime factors of 3/l - 58/(-4).
3, 5
Let y = 330 + -814. Let v = y - -679. What are the prime factors of v?
3, 5, 13
Suppose -21*l = -25*l + 7092. What are the prime factors of l?
3, 197
What are the prime factors of (0 + -24)/((-90)/3105)?
2, 3, 23
Let z(i) = 3*i**2 + 3*i + 4*i - 4*i**2 - 5 + 0*i. Let t be z(5). Suppose -100 = -t*x - 2*n, -4*n - n - 3 = x. List the prime factors of x.
2, 11
Suppose -4 = -w - 5*d + 27, 2*w + 5*d - 42 = 0. Suppose 6*b - 7 = w. List the prime factors of b.
3
Suppose 24 = -5*a + 6*a. Let m be 6/10 + a/(-40). Suppose p - 5*p + 128 = m. List the prime factors of p.
2
Suppose -2*x + 2 = 2*z, 5 = -x - 0*x + 2*z. List the prime factors of -10*(185/(-25) + (0 - x)).
2
Suppose 0 = -4*l + 80 - 52. Suppose